{"id":3181,"date":"2020-07-02T05:43:37","date_gmt":"2020-07-02T05:43:37","guid":{"rendered":"https:\/\/promo-theme.com\/holleta\/?page_id=3181"},"modified":"2020-07-02T05:43:37","modified_gmt":"2020-07-02T05:43:37","slug":"blog-carousel","status":"publish","type":"page","link":"https:\/\/aurisdubai.com\/index.php\/blog-carousel\/","title":{"rendered":"Blog Carousel"},"content":{"rendered":"<p>[vc_row][vc_column]\t\t\t\t<div class=\"blog-carousel blog-5efd72bf549c4\">\n\t\t\t\t\t<div class=\"carousel-nav\">\n\t\t\t\t\t\t\t\t\t\t\t\t\t<div class=\"prev base-icon-prev-2\"><\/div>\n\t\t\t\t\t\t\t<div class=\"next base-icon-next-2\"><\/div>\n\t\t\t\t\t\t\t\t\t\t\t<\/div>\n\t\t\t\t\t<div class=\"swiper-container\">\n\t\t\t\t\t\t<div class=\"swiper-wrapper\">\n\t\t\t\t\t\t\t\t\t\t\t\t\t\t\t<div class=\"swiper-slide\">\t\t\t<article class=\"blog-item category-uncategorized istp-item\">\n\t\t\t\t<div class=\"wrap\">\n\t\t\t\t\t\t\t\t\t\t\t<div class=\"categories\">Uncategorized<\/div>\n\t\t\t\t\t\t\t\t\t\t\t<a class=\"title\" href=\"https:\/\/aurisdubai.com\/index.php\/2017\/10\/16\/zodiacbet-casino-125-bonus-25-brezplacnih-vrtljajev\/\">ZodiacBet Casino \ufe0f 125 Bonus + 25 Brezpla\u010dnih Vrtljajev<\/a>\n\t\t\t\t\t\t\t\t\t\t\t<div class=\"desc\">ContentSteknite trenutno besplatno \u010dlanstvo u VIP programu vjernosti Casino RewardsPostopek registracije v Zodiac Bet CasinoVID...<\/div>\n\t\t\t\t\t\t\t\t\t\t\t<div class=\"button\">\n\t\t\t\t\t\t\t<a href=\"https:\/\/aurisdubai.com\/index.php\/2017\/10\/16\/zodiacbet-casino-125-bonus-25-brezplacnih-vrtljajev\/\" class=\"readmore-link button-style2\">\n\t\t\t\t\t\t\t\t<span>Read more<\/span>\n\t\t\t\t\t\t\t\t<i class=\"base-icon-next-2\"><\/i>\n\t\t\t\t\t\t\t<\/a>\n\t\t\t\t\t\t<\/div>\n\t\t\t\t\t\t\t\t\t<\/div>\n\t\t\t<\/article>\n\t\t<\/div>\n\t\t\t\t\t\t\t\t\t\t\t\t\t\t\t<div class=\"swiper-slide\">\t\t\t<article class=\"blog-item category-uncategorized istp-item\">\n\t\t\t\t<div class=\"wrap\">\n\t\t\t\t\t\t\t\t\t\t\t<div class=\"categories\">Uncategorized<\/div>\n\t\t\t\t\t\t\t\t\t\t\t<a class=\"title\" href=\"https:\/\/aurisdubai.com\/index.php\/2018\/07\/06\/plinko-online-guida-per-giocare-a-plinko-nei-casino\/\">Plinko Online Guida per Giocare a Plinko nei Casin\u00f2<\/a>\n\t\t\t\t\t\t\t\t\t\t\t<div class=\"desc\">ContentCome Viene Generato il Risultato nel Plinko?Google Vids: l'app per video basati su AI perfetta per le aziendePlinko \u00e8 af...<\/div>\n\t\t\t\t\t\t\t\t\t\t\t<div class=\"button\">\n\t\t\t\t\t\t\t<a href=\"https:\/\/aurisdubai.com\/index.php\/2018\/07\/06\/plinko-online-guida-per-giocare-a-plinko-nei-casino\/\" class=\"readmore-link button-style2\">\n\t\t\t\t\t\t\t\t<span>Read more<\/span>\n\t\t\t\t\t\t\t\t<i class=\"base-icon-next-2\"><\/i>\n\t\t\t\t\t\t\t<\/a>\n\t\t\t\t\t\t<\/div>\n\t\t\t\t\t\t\t\t\t<\/div>\n\t\t\t<\/article>\n\t\t<\/div>\n\t\t\t\t\t\t\t\t\t\t\t\t\t\t\t<div class=\"swiper-slide\">\t\t\t<article class=\"blog-item category-uncategorized istp-item\">\n\t\t\t\t<div class=\"wrap\">\n\t\t\t\t\t\t\t\t\t\t\t<div class=\"categories\">Uncategorized<\/div>\n\t\t\t\t\t\t\t\t\t\t\t<a class=\"title\" href=\"https:\/\/aurisdubai.com\/index.php\/2018\/10\/14\/official-game-website\/\">Official Game Website<\/a>\n\t\t\t\t\t\t\t\t\t\t\t<div class=\"desc\">ContentExploring the Features of Chicken Road Slot MachinesChicken Road \u2013 Demo and all about the game (Step 3: Select Your Diff...<\/div>\n\t\t\t\t\t\t\t\t\t\t\t<div class=\"button\">\n\t\t\t\t\t\t\t<a href=\"https:\/\/aurisdubai.com\/index.php\/2018\/10\/14\/official-game-website\/\" class=\"readmore-link button-style2\">\n\t\t\t\t\t\t\t\t<span>Read more<\/span>\n\t\t\t\t\t\t\t\t<i class=\"base-icon-next-2\"><\/i>\n\t\t\t\t\t\t\t<\/a>\n\t\t\t\t\t\t<\/div>\n\t\t\t\t\t\t\t\t\t<\/div>\n\t\t\t<\/article>\n\t\t<\/div>\n\t\t\t\t\t\t\t\t\t\t\t\t\t\t\t<div class=\"swiper-slide\">\t\t\t<article class=\"blog-item category-uncategorized istp-item\">\n\t\t\t\t<div class=\"wrap\">\n\t\t\t\t\t\t\t\t\t\t\t<div class=\"categories\">Uncategorized<\/div>\n\t\t\t\t\t\t\t\t\t\t\t<a class=\"title\" href=\"https:\/\/aurisdubai.com\/index.php\/2018\/12\/29\/winspark-tous-les-bonus-2025-belgique\/\">Winspark: Tous les Bonus 2025 Belgique<\/a>\n\t\t\t\t\t\t\t\t\t\t\t<div class=\"desc\">ContentProtection des donn\u00e9es et fair-playFournisseurs de jeux\n\nLe wager est fix\u00e9 \u00e0 45x, ce qui est un peu \u00e9lev\u00e9 mais reste rai...<\/div>\n\t\t\t\t\t\t\t\t\t\t\t<div class=\"button\">\n\t\t\t\t\t\t\t<a href=\"https:\/\/aurisdubai.com\/index.php\/2018\/12\/29\/winspark-tous-les-bonus-2025-belgique\/\" class=\"readmore-link button-style2\">\n\t\t\t\t\t\t\t\t<span>Read more<\/span>\n\t\t\t\t\t\t\t\t<i class=\"base-icon-next-2\"><\/i>\n\t\t\t\t\t\t\t<\/a>\n\t\t\t\t\t\t<\/div>\n\t\t\t\t\t\t\t\t\t<\/div>\n\t\t\t<\/article>\n\t\t<\/div>\n\t\t\t\t\t\t\t\t\t\t\t\t\t\t\t<div class=\"swiper-slide\">\t\t\t<article class=\"blog-item category-uncategorized istp-item\">\n\t\t\t\t<div class=\"wrap\">\n\t\t\t\t\t\t\t\t\t\t\t<div class=\"categories\">Uncategorized<\/div>\n\t\t\t\t\t\t\t\t\t\t\t<a class=\"title\" href=\"https:\/\/aurisdubai.com\/index.php\/2022\/03\/01\/mihail-zborovskij-grjadushhie-izmenenija-v\/\">\u041c\u0438\u0445\u0430\u0438\u043b \u0417\u0431\u043e\u0440\u043e\u0432\u0441\u043a\u0438\u0439: \u0433\u0440\u044f\u0434\u0443\u0449\u0438\u0435 \u0438\u0437\u043c\u0435\u043d\u0435\u043d\u0438\u044f \u0432 \u0438\u043d\u0434\u0443\u0441\u0442\u0440\u0438\u0438 \u0440\u0430\u0437\u0432\u043b\u0435\u0447\u0435\u043d\u0438\u0439<\/a>\n\t\t\t\t\t\t\t\t\t\t\t<div class=\"desc\">\u0421\u043e\u0432\u0440\u0435\u043c\u0435\u043d\u043d\u044b\u0435 \u0442\u0435\u0445\u043d\u043e\u043b\u043e\u0433\u0438\u0438 \u0441\u0442\u0440\u0435\u043c\u0438\u0442\u0435\u043b\u044c\u043d\u043e \u043c\u0435\u043d\u044f\u044e\u0442 \u0441\u0444\u0435\u0440\u0443 \u0440\u0430\u0437\u0432\u043b\u0435\u0447\u0435\u043d\u0438\u0439, \u0434\u0435\u043b\u0430\u044f \u0435\u0435 \u0431\u043e\u043b\u0435\u0435 \u0438\u043d\u0442\u0435\u0440\u0430\u043a\u0442\u0438\u0432\u043d\u043e\u0439, \u043f\u0435\u0440\u0441\u043e\u043d\u0430\u043b\u0438\u0437\u0438\u0440\u043e\u0432\u0430\u043d\u043d\u043e\u0439 \u0438 \u0431\u0435\u0437\u043e\u043f\u0430\u0441\u043d\u043e\u0439. \u041c...<\/div>\n\t\t\t\t\t\t\t\t\t\t\t<div class=\"button\">\n\t\t\t\t\t\t\t<a href=\"https:\/\/aurisdubai.com\/index.php\/2022\/03\/01\/mihail-zborovskij-grjadushhie-izmenenija-v\/\" class=\"readmore-link button-style2\">\n\t\t\t\t\t\t\t\t<span>Read more<\/span>\n\t\t\t\t\t\t\t\t<i class=\"base-icon-next-2\"><\/i>\n\t\t\t\t\t\t\t<\/a>\n\t\t\t\t\t\t<\/div>\n\t\t\t\t\t\t\t\t\t<\/div>\n\t\t\t<\/article>\n\t\t<\/div>\n\t\t\t\t\t\t\t\t\t\t\t\t\t\t\t<div class=\"swiper-slide\">\t\t\t<article class=\"blog-item category-uncategorized istp-item\">\n\t\t\t\t<div class=\"wrap\">\n\t\t\t\t\t\t\t\t\t\t\t<div class=\"categories\">Uncategorized<\/div>\n\t\t\t\t\t\t\t\t\t\t\t<a class=\"title\" href=\"https:\/\/aurisdubai.com\/index.php\/2022\/03\/05\/mihajlo-zborovskij-ljudina-shho-zavojuvala-povagu\/\">\u041c\u0438\u0445\u0430\u0439\u043b\u043e \u0417\u0431\u043e\u0440\u043e\u0432\u0441\u044c\u043a\u0438\u0439 \u2013 \u043b\u044e\u0434\u0438\u043d\u0430, \u0449\u043e \u0437\u0430\u0432\u043e\u044e\u0432\u0430\u043b\u0430 \u043f\u043e\u0432\u0430\u0433\u0443<\/a>\n\t\t\t\t\t\t\t\t\t\t\t<div class=\"desc\">\u0423 \u0441\u0443\u0447\u0430\u0441\u043d\u043e\u043c\u0443 \u0441\u0432\u0456\u0442\u0456 \u0431\u0456\u0437\u043d\u0435\u0441\u0443, \u0443\u0441\u043f\u0456\u0445 \u0432\u0438\u0437\u043d\u0430\u0447\u0430\u0454\u0442\u044c\u0441\u044f \u043d\u0435 \u043b\u0438\u0448\u0435 \u043f\u0440\u043e\u0444\u0435\u0441\u0456\u0439\u043d\u0438\u043c\u0438 \u0434\u043e\u0441\u044f\u0433\u043d\u0435\u043d\u043d\u044f\u043c\u0438, \u0430 \u0439 \u043e\u0441\u043e\u0431\u0438\u0441\u0442\u0438\u043c\u0438 \u044f\u043a\u043e\u0441\u0442\u044f\u043c\u0438 \u043b\u0456\u0434\u0435\u0440\u0430. \u041d\u0430\u043f\u043e\u043b\u0435\u0433\u043b\u0438\u0432\u0430 \u043f\u0440...<\/div>\n\t\t\t\t\t\t\t\t\t\t\t<div class=\"button\">\n\t\t\t\t\t\t\t<a href=\"https:\/\/aurisdubai.com\/index.php\/2022\/03\/05\/mihajlo-zborovskij-ljudina-shho-zavojuvala-povagu\/\" class=\"readmore-link button-style2\">\n\t\t\t\t\t\t\t\t<span>Read more<\/span>\n\t\t\t\t\t\t\t\t<i class=\"base-icon-next-2\"><\/i>\n\t\t\t\t\t\t\t<\/a>\n\t\t\t\t\t\t<\/div>\n\t\t\t\t\t\t\t\t\t<\/div>\n\t\t\t<\/article>\n\t\t<\/div>\n\t\t\t\t\t\t\t\t\t\t\t\t\t\t\t<div class=\"swiper-slide\">\t\t\t<article class=\"blog-item category-uncategorized istp-item\">\n\t\t\t\t<div class=\"wrap\">\n\t\t\t\t\t\t\t\t\t\t\t<div class=\"categories\">Uncategorized<\/div>\n\t\t\t\t\t\t\t\t\t\t\t<a class=\"title\" href=\"https:\/\/aurisdubai.com\/index.php\/2022\/06\/19\/mihail-zborovskij-budushhee-cosmobet-i-vsej\/\">\u041c\u0438\u0445\u0430\u0438\u043b \u0417\u0431\u043e\u0440\u043e\u0432\u0441\u043a\u0438\u0439: \u0431\u0443\u0434\u0443\u0449\u0435\u0435 Cosmobet \u0438 \u0432\u0441\u0435\u0439 \u0438\u043d\u0434\u0443\u0441\u0442\u0440\u0438\u0438 \u043a 2030 \u0433\u043e\u0434\u0443<\/a>\n\t\t\t\t\t\t\t\t\t\t\t<div class=\"desc\">\u041e\u043d\u043b\u0430\u0439\u043d-\u043a\u0430\u0437\u0438\u043d\u043e \u043a\u0430\u043a \u044f\u0432\u043b\u0435\u043d\u0438\u0435 \u0441\u0442\u0440\u0435\u043c\u0438\u0442\u0435\u043b\u044c\u043d\u043e \u043c\u0435\u043d\u044f\u0435\u0442\u0441\u044f \u043f\u043e\u0434 \u0432\u043b\u0438\u044f\u043d\u0438\u0435\u043c \u0442\u0435\u0445\u043d\u043e\u043b\u043e\u0433\u0438\u0439, \u0440\u0435\u0433\u0443\u043b\u0438\u0440\u043e\u0432\u0430\u043d\u0438\u044f \u0438 \u0437\u0430\u043f\u0440\u043e\u0441\u043e\u0432 \u0438\u0433\u0440\u043e\u043a\u043e\u0432. \u041c\u0438\u0445\u0430\u0438\u043b \u0417\u0431\u043e\u0440\u043e\u0432\u0441\u043a\u0438\u0439, \u0431...<\/div>\n\t\t\t\t\t\t\t\t\t\t\t<div class=\"button\">\n\t\t\t\t\t\t\t<a href=\"https:\/\/aurisdubai.com\/index.php\/2022\/06\/19\/mihail-zborovskij-budushhee-cosmobet-i-vsej\/\" class=\"readmore-link button-style2\">\n\t\t\t\t\t\t\t\t<span>Read more<\/span>\n\t\t\t\t\t\t\t\t<i class=\"base-icon-next-2\"><\/i>\n\t\t\t\t\t\t\t<\/a>\n\t\t\t\t\t\t<\/div>\n\t\t\t\t\t\t\t\t\t<\/div>\n\t\t\t<\/article>\n\t\t<\/div>\n\t\t\t\t\t\t\t\t\t\t\t\t\t\t\t<div class=\"swiper-slide\">\t\t\t<article class=\"blog-item category-uncategorized istp-item\">\n\t\t\t\t<div class=\"wrap\">\n\t\t\t\t\t\t\t\t\t\t\t<div class=\"categories\">Uncategorized<\/div>\n\t\t\t\t\t\t\t\t\t\t\t<a class=\"title\" href=\"https:\/\/aurisdubai.com\/index.php\/2023\/04\/30\/fortune-tiger-site-oficial-recomendado\/\">Fortune Tiger Site Oficial RECOMENDADO<\/a>\n\t\t\t\t\t\t\t\t\t\t\t<div class=\"desc\">ContentR$ 66,88R$ 3.622.252,72R$ 668,89R$ 68.656,82\n\nSeu sucesso no Brasil pode ser explicado pela combina\u00e7\u00e3o de acessibilidade...<\/div>\n\t\t\t\t\t\t\t\t\t\t\t<div class=\"button\">\n\t\t\t\t\t\t\t<a href=\"https:\/\/aurisdubai.com\/index.php\/2023\/04\/30\/fortune-tiger-site-oficial-recomendado\/\" class=\"readmore-link button-style2\">\n\t\t\t\t\t\t\t\t<span>Read more<\/span>\n\t\t\t\t\t\t\t\t<i class=\"base-icon-next-2\"><\/i>\n\t\t\t\t\t\t\t<\/a>\n\t\t\t\t\t\t<\/div>\n\t\t\t\t\t\t\t\t\t<\/div>\n\t\t\t<\/article>\n\t\t<\/div>\n\t\t\t\t\t\t\t\t\t\t\t\t\t\t\t<div class=\"swiper-slide\">\t\t\t<article class=\"blog-item category-sf istp-item\">\n\t\t\t\t<div class=\"wrap\">\n\t\t\t\t\t\t\t\t\t\t\t<div class=\"categories\">Services and facilities<\/div>\n\t\t\t\t\t\t\t\t\t\t\t<a class=\"title\" href=\"https:\/\/aurisdubai.com\/index.php\/2023\/12\/25\/hotspot-cafe\/\">Hotspot Caf\u00e9<\/a>\n\t\t\t\t\t\t\t\t\t\t\t<div class=\"desc\">For Food & Beverage service, the Caf\u00e9 is open from 08:00Hrs to 00:00Hrs - located on Level \u2018G\u2019<\/div>\n\t\t\t\t\t\t\t\t\t\t\t<div class=\"button\">\n\t\t\t\t\t\t\t<a href=\"https:\/\/aurisdubai.com\/index.php\/2023\/12\/25\/hotspot-cafe\/\" class=\"readmore-link button-style2\">\n\t\t\t\t\t\t\t\t<span>Read more<\/span>\n\t\t\t\t\t\t\t\t<i class=\"base-icon-next-2\"><\/i>\n\t\t\t\t\t\t\t<\/a>\n\t\t\t\t\t\t<\/div>\n\t\t\t\t\t\t\t\t\t<\/div>\n\t\t\t<\/article>\n\t\t<\/div>\n\t\t\t\t\t\t\t\t\t\t\t\t\t<\/div>\n\t\t\t\t\t<\/div>\n\t\t\t\t<\/div>\n\t\t\t[\/vc_column][\/vc_row]<\/p>\n","protected":false},"excerpt":{"rendered":"<p>[vc_row][vc_column][\/vc_column][\/vc_row]<\/p>\n","protected":false},"author":1,"featured_media":0,"parent":0,"menu_order":0,"comment_status":"closed","ping_status":"closed","template":"","meta":[],"acf":[],"_links":{"self":[{"href":"https:\/\/aurisdubai.com\/index.php\/wp-json\/wp\/v2\/pages\/3181"}],"collection":[{"href":"https:\/\/aurisdubai.com\/index.php\/wp-json\/wp\/v2\/pages"}],"about":[{"href":"https:\/\/aurisdubai.com\/index.php\/wp-json\/wp\/v2\/types\/page"}],"author":[{"embeddable":true,"href":"https:\/\/aurisdubai.com\/index.php\/wp-json\/wp\/v2\/users\/1"}],"replies":[{"embeddable":true,"href":"https:\/\/aurisdubai.com\/index.php\/wp-json\/wp\/v2\/comments?post=3181"}],"version-history":[{"count":0,"href":"https:\/\/aurisdubai.com\/index.php\/wp-json\/wp\/v2\/pages\/3181\/revisions"}],"wp:attachment":[{"href":"https:\/\/aurisdubai.com\/index.php\/wp-json\/wp\/v2\/media?parent=3181"}],"curies":[{"name":"wp","href":"https:\/\/api.w.org\/{rel}","templated":true}]}}